hat is o(6)?
-40
Let j(n) = n**2 - 4. Give j(4).
12
Let z(u) = -u**2 + 6*u + 2. Determine z(0).
2
Let a(x) = -3*x**2 + 5*x + 3. What is a(-3)?
-39
Let o(l) = 3*l - 4. Determine o(3).
5
Let j(q) = 12*q + 5. Determine j(-5).
-55
Let v(i) = 20*i + 59. Give v(-3).
-1
Let v(g) = -g**2 + 52*g + 333. Determine v(58).
-15
Let j(q) = -q**3 + 15*q**2 - 48*q - 7. What is j(10)?
13
Let y(p) = -p**3 - 4*p - 6. Give y(-4).
74
Let h(z) = -3*z - 2. Calculate h(-6).
16
Let j(s) = -2*s**3 - 10*s**2 + 6*s - 25. What is j(-6)?
11
Let x(y) = -y**2 - 9*y + 14. Give x(3).
-22
Let o(w) = -10*w + 7. What is o(-2)?
27
Let b(m) = 2*m - 24. Determine b(18).
12
Let r(l) = l**3 + 10*l**2 - 26. Give r(-10).
-26
Let y(g) = -g**3 - 7*g**2 + 8*g - 4. Give y(-8).
-4
Let i(f) = -f + 27. Calculate i(11).
16
Let q(t) = -t - 18. Calculate q(-7).
-11
Let g(z) = 136*z + 136. Calculate g(-1).
0
Let i(b) = b. Give i(7).
7
Let u(v) = v**3 - 27*v**2 - 29*v + 26. Calculate u(28).
-2
Let t(w) = 2*w + 10. Give t(0).
10
Let x(j) = 2*j**3 + 22*j**2 - 21*j + 25. Determine x(-12).
-11
Let w(f) = -7*f**2 + 45*f - 15. What is w(6)?
3
Let a(j) = -2*j**2 - j + 2. Calculate a(0).
2
Let f(y) = y**2 - 3*y - 6. Give f(5).
4
Let z(f) = f + 17. What is z(-10)?
7
Let c(y) = -10*y - 43. What is c(-7)?
27
Let q(m) = -m**3 - m**2 - 2*m + 2. Calculate q(2).
-14
Let v(j) = j**2 - 8*j + 19. What is v(8)?
19
Let d(u) = -32*u**2 + 8*u + 3. What is d(-1)?
-37
Let j(n) = n**2 + 12*n + 33. Determine j(-7).
-2
Let t(o) = -o**2 - o - 8. Calculate t(5).
-38
Let z(o) = -6*o - 3. Calculate z(-3).
15
Let c(d) = -2*d**3 - 45*d**2 - 20*d + 35. Determine c(-22).
-9
Let j(s) = -s**3 + 25*s**2 + 24*s - 3. What is j(26)?
-55
Let m(d) = -11*d - 10. Determine m(-4).
34
Let x(p) = -p**3 + 21*p**2 + 43*p + 72. Determine x(23).
3
Let w(l) = l**2 + 14*l + 7. What is w(-12)?
-17
Let s(z) = 14*z + 483. Give s(-35).
-7
Let o(h) = -11*h**2 + 2*h + 5. Determine o(2).
-35
Let b(p) = p**3 - 5*p**2 + 3*p + 5. Give b(4).
1
Let j(v) = v**2 - 5*v - 2. Determine j(-4).
34
Let d(z) = -z**3 - 13*z**2 - 33*z - 24. What is d(-10)?
6
Let m(c) = 5*c**2 + 4*c + 5. Determine m(-4).
69
Let n(a) = a - 10. Calculate n(-40).
-50
Let l(r) = -11*r + 42. Give l(4).
-2
Let m(i) = -i**3 - 13*i**2 - 12*i + 6. What is m(-12)?
6
Let z(v) = v**3 - 6*v**2 + 4*v. Give z(4).
-16
Let k(g) = 20*g + 150. Calculate k(-6).
30
Let s(p) = -2*p**2 - 28*p - 5. What is s(-14)?
-5
Let r(n) = 17*n - 123. Give r(7).
-4
Let w(n) = n**3 + 17*n**2 + 40*n - 5. Determine w(-14).
23
Let t(w) = 6*w - 2. What is t(6)?
34
Let h(p) = p**2 - 2*p - 9. Calculate h(5).
6
Let o(c) = -c**3 - c + 3. Give o(0).
3
Let d(h) = -h**3 - 5*h**2 - 3. What is d(-5)?
-3
Let u(y) = 12*y**3 + y**2. Calculate u(1).
13
Let w(f) = -4*f**2 - 70*f - 31. Calculate w(-17).
3
Let x(u) = -22*u + 166. Determine x(8).
-10
Let j(i) = -5*i + 28. Calculate j(0).
28
Let t(l) = l**2 - 12*l + 8. Calculate t(12).
8
Let m(c) = 10*c - 4. Calculate m(1).
6
Let q(f) = f**2 - 6*f - 17. Give q(7).
-10
Let d(n) = 16*n - 317. Calculate d(20).
3
Let d(r) = 7*r - 19. What is d(7)?
30
Let c(r) = 45*r**3 - r**2 + 2. Determine c(-1).
-44
Let q(f) = f**3 + 7*f**2 - 2*f - 2. What is q(-5)?
58
Let y(j) = -34*j - 200. Determine y(-6).
4
Let w(o) = -23*o**3 + 4*o**2 + o - 2. Calculate w(-1).
24
Let p(c) = c - 31. Determine p(26).
-5
Let v(o) = -o**2 - 20*o - 10. Give v(-19).
9
Let u(w) = w**3 - w**2 + w. What is u(2)?
6
Let y(l) = -21*l + 62. Give y(3).
-1
Let h(l) = l**2 + l - 1. Determine h(0).
-1
Let d(m) = 2*m**2 + 3*m. Give d(-2).
2
Let i(l) = -l - 2. Calculate i(4).
-6
Let s(a) = a**2 + 10*a - 1. Calculate s(-10).
-1
Let r(l) = -l**2 - l + 3. Give r(-4).
-9
Let t(u) = -10*u + 76. What is t(6)?
16
Let m(u) = u**3 - 19*u**2 + 35*u - 4. Calculate m(17).
13
Let b(f) = -7*f + 34. Calculate b(10).
-36
Let x(a) = 87*a - 802. Give x(9).
-19
Let d(q) = 5*q**2 + 7*q - 1. Determine d(-2).
5
Let r(i) = i**3 - 78*i**2 - 324*i + 13. Give r(-4).
-3
Let z(q) = q**2 + 17*q + 18. Determine z(-17).
18
Let d(p) = p**2 - p - 11. Calculate d(0).
-11
Let j(w) = -2*w**2 - 4. Give j(-3).
-22
Let i(t) = t**2 - 8*t. Calculate i(10).
20
Let g(h) = 4*h - 43. What is g(12)?
5
Let w(z) = -z**2 - 4*z + 127. Determine w(9).
10
Let m(f) = -3*f + 11. Give m(1).
8
Let s(v) = 2*v + 8. Give s(-2).
4
Let j(f) = -f**2 + 13*f - 5. Determine j(12).
7
Let p(k) = -7*k + 12. Give p(14).
-86
Let z(d) = 4*d**2 + 57*d + 15. What is z(-14)?
1
Let n(i) = i**3 - 7*i**2 + 7*i + 13. Calculate n(6).
19
Let v(k) = k**2 + 32*k - 2043. Calculate v(-64).
5
Let u(q) = q**3 - 7*q**2 - 8*q - 8. Calculate u(8).
-8
Let v(r) = -r**3 - 4*r**2 - 4*r + 3. What is v(-5)?
48
Let h(d) = 7*d**3 + 3*d**2 - 2*d - 2. Calculate h(2).
62
Let h(c) = c**2 - 12*c + 36. Determine h(6).
0
Let n(i) = 5*i - 110. Determine n(11).
-55
Let s(u) = -2*u**3 + 4*u - 1. Give s(2).
-9
Let z(i) = -i**2 + 96*i + 1657. What is z(-15)?
-8
Let a(m) = -m**2 + 31*m - 40. Calculate a(30).
-10
Let l(m) = m**2 - 39*m + 103. Determine l(36).
-5
Let n(g) = g**3 + 3*g**2 - 4*g + 3. What is n(-4)?
3
Let m(y) = -6*y + 31. Give m(9).
-23
Let b(c) = 8*c**2 + 3*c - 2. Calculate b(2).
36
Let m(y) = y**2 + 15*y. Calculate m(-15).
0
Let z(s) = -28*s - 158. What is z(-6)?
10
Let g(o) = -o**2 - 16*o + 29. Give g(-18).
-7
Let d(x) = -3*x + 3. Determine d(3).
-6
Let t(s) = s**2 + 5*s - 8. What is t(-5)?
-8
Let z(m) = 3*m - 38. Determine z(-17).
-89
Let a(s) = -s**2 + 11*s - 25. Calculate a(7).
3
Let s(v) = -v**2 + 19*v - 10. Determine s(15).
50
Let d(z) = 6*z**2 + 35*z + 1. Determine d(-6).
7
Let u(t) = t**2 - 12*t - 22. Determine u(15).
23
Let l(t) = 2*t**3 - 15*t**2 + 7*t - 3. What is l(7)?
-3
Let w(x) = -x - 20. Calculate w(-18).
-2
Let i(y) = -y**2 - y - 1. What is i(0)?
-1
Let r(h) = 6*h - 3. What is r(-8)?
-51
Let t(p) = -9*p**3 - p - 1. Determine t(-2).
73
Let r(f) = f**2 + 12*f - 6. Calculate r(-14).
22
Let x(f) = -2*f - 5. Calculate x(-5).
5
Let v(u) = u**3 + 13*u**2 + 7*u - 53. Calculate v(-12).
7
Let m(y) = y**2 - 11*y + 16. What is m(6)?
-14
Let b(n) = 2*n**3 + 4*n**2 + 3*n + 1. Give b(-2).
-5
Let s(v) = -v**3 - 5*v**2 - 6*v - 11. What is s(-4)?
-3
Let u(s) = s**2 - 16*s - 2. Give u(17).
15
Let k(w) = -w**3 - 19*w**2 - 18*w - 7. Determine k(-18).
-7
Let u(o) = -o**2 + 35*o - 191. Give u(28).
5
Let o(a) = a**3 + a**2 - 9*a - 18. Give o(-2).
-4
Let w(l) = 3*l**3 - 4*l**2 - 3*l + 5. Calculate w(2).
7
Let z(p) = -7*p + 2. Calculate z(6).
-40
Let y(k) = k**3 + 3*k**2 + 58. Determine y(0).
58
Let j(x) = 2*x**3 - 31*x**2 + 8*x + 110. What is j(15)?
5
Let i(u) = -u**3 - 11*u**2 + 9*u - 52. Calculate i(-12).
-16
Let i(q) = q**3 + q**2 - 32. Determine i(0).
-32
Let t(x) = x**3 - 7*x**2 + 2*x + 7. Give t(6).
-17
Let q(l) = -l - 14. Give q(5).
-19
Let d(i) = i**3 + 6*i**2 - 8*i. Give d(2).
16
Let w(h) = h**3 + 3*h**2 - 4*h - 2. Give w(-4).
-2
Let q(k) = k**3 + k**2 + 2*k + 3. Calculate q(-4).
-53
Let s(c) = 36*c**2 - 4*c + 3. What is s(1)?
35
Let s(x) = -11*x - 1. What is s(-1)?
10
Let o(x) = 2*x**2 + 43*x - 25. Calculate o(-22).
-3
Let d(h) = 2*h**3 + h + 1. Calculate d(-1).
-2
Let m(s) = -s**2 + 3*s + 2. What is m(-4)?
-26
Let i(a) = 5*a**3 + 2*a**2 - 4*a + 3. Calculate i(2).
43
Let p(t) = -t**3 + 10*t**2. Determine p(10).
0
Let u(p) = -6*p + 13. Determine u(5).
-17
Let i(x) = x. Determine i(11).
11
Let x(r) = 25*r - 22. What is x(5)?
103
Let k(u) = -u**2 - 8*u + 70. Determine k(-13).
5
Let a(k) = -3*k + 8. Determine a(5).
-7
Let i(g) = g**3 + 17*g**2 + 16*g + 3. Calculate i(-16).
3
Let a(y) = -y**2 + 4*y. Give a(5).
-5
Let g(q) = -q**3 + 21*q**2 - 52*q + 260. Calculate g(19).
-6
Let j(r) = -18*r**3 - 2*r**2 - 4*r - 5. Calculate j(-2).
139
Let m(t) = 2*t**2 - 18*t + 27. Give m(8).
11
Let k(h) = -15*h + 17. Calculate k(9).
-118
Let d(g) = -g**2 - 7*g - 2. What is d(-6)?
4
Let k(i) = i**2 + 18*i + 39. Determine k(-14).
-17
Let y(a) = -6*a - 1. Calculate y(4).
-25
Let l(c) = -41*c + 42. Calculate l(1).
1
Let r(t) = -7*t - 110. What is r(-17)?
9
Let c(x) = -x**3 + 10*x**2 - 6*x + 10. What is c(8)?
90
Let v(l) = -7*l + 96. Calculate v(9).
33
Let j(l) = -l**3 - 7*l**2 - 6*l + 13. What is j(-6)?
13
Let a(u) = u**3 - 4*u**2 - 5*u. Determine a(5).
0
Let j(v) = -14*v + 123. Calculate j(8).
11
Let u(t) = t - 11. Calculate u(17).
6
Let x(z) = 2*z. Determine x